{"id":392,"date":"2023-05-09T10:27:07","date_gmt":"2023-05-09T08:27:07","guid":{"rendered":"https:\/\/www.worldcocoaconference.org\/reino-de-belgica\/"},"modified":"2023-12-20T10:36:00","modified_gmt":"2023-12-20T09:36:00","slug":"reino-de-belgica","status":"publish","type":"page","link":"https:\/\/www.worldcocoaconference.org\/es\/reino-de-belgica\/","title":{"rendered":"Reino de B\u00e9lgica"},"content":{"rendered":"\t\t<div data-elementor-type=\"wp-page\" data-elementor-id=\"392\" class=\"elementor elementor-392 elementor-231\" data-elementor-post-type=\"page\">\n\t\t\t\t\t\t<section class=\"elementor-section elementor-top-section elementor-element elementor-element-3ec5a2c elementor-section-boxed elementor-section-height-default elementor-section-height-default\" data-id=\"3ec5a2c\" data-element_type=\"section\" data-e-type=\"section\">\n\t\t\t\t\t\t\t<div class=\"elementor-background-overlay\"><\/div>\n\t\t\t\t\t\t\t<div class=\"elementor-container elementor-column-gap-default\">\n\t\t\t\t\t<div class=\"elementor-column elementor-col-100 elementor-top-column elementor-element elementor-element-8a4081d\" data-id=\"8a4081d\" data-element_type=\"column\" data-e-type=\"column\">\n\t\t\t<div class=\"elementor-widget-wrap elementor-element-populated\">\n\t\t\t\t\t\t<div class=\"elementor-element elementor-element-fe5050e elementor-widget elementor-widget-image\" data-id=\"fe5050e\" data-element_type=\"widget\" data-e-type=\"widget\" data-widget_type=\"image.default\">\n\t\t\t\t<div class=\"elementor-widget-container\">\n\t\t\t\t\t\t\t\t\t\t\t\t\t\t\t<img fetchpriority=\"high\" decoding=\"async\" width=\"1375\" height=\"559\" src=\"https:\/\/www.worldcocoaconference.org\/wp-content\/uploads\/2023\/05\/belgium-kingdom-1.png\" class=\"attachment-large size-large wp-image-235\" alt=\"\" srcset=\"https:\/\/www.worldcocoaconference.org\/wp-content\/uploads\/2023\/05\/belgium-kingdom-1.png 1375w, https:\/\/www.worldcocoaconference.org\/wp-content\/uploads\/2023\/05\/belgium-kingdom-1-768x312.png 768w\" sizes=\"(max-width: 1375px) 100vw, 1375px\" \/>\t\t\t\t\t\t\t\t\t\t\t\t\t\t\t<\/div>\n\t\t\t\t<\/div>\n\t\t\t\t<div class=\"elementor-element elementor-element-6ac98b5 elementor-widget elementor-widget-text-editor\" data-id=\"6ac98b5\" data-element_type=\"widget\" data-e-type=\"widget\" data-widget_type=\"text-editor.default\">\n\t\t\t\t<div class=\"elementor-widget-container\">\n\t\t\t\t\t\t\t\t\t<p>El Servicio P\u00fablico Federal de Asuntos Exteriores (SPF-AE) de B\u00e9lgica se enorgullece de coorganizar la Conferencia Mundial del Cacao en Bruselas en abril de 2024, durante la Presidencia belga de la UE. Como uno de los coorganizadores de este evento internacional, estamos comprometidos con la promoci\u00f3n del desarrollo sostenible en el sector del cacao y con el fortalecimiento de las relaciones entre los pa\u00edses productores y consumidores de cacao.<\/p>\n<p>La Conferencia Mundial sobre el Cacao brinda a las partes interesadas del sector cacaotero, incluidos productores, comerciantes y funcionarios gubernamentales, la oportunidad de intercambiar ideas, compartir experiencias y desarrollar estrategias y pol\u00edticas para abordar los retos a los que se enfrentan tanto los agricultores como la industria. B\u00e9lgica, como uno de los principales importadores y transformadores de cacao en grano, reconoce la importancia de promover la producci\u00f3n sostenible de cacao y de garantizar unas condiciones de trabajo justas para los cacaocultores.<\/p>\n<p>En el SPF de Asuntos Exteriores, creemos que el sector del cacao puede desempe\u00f1ar un papel importante en la consecuci\u00f3n de los Objetivos de Desarrollo Sostenible de las Naciones Unidas, especialmente en las \u00e1reas de reducci\u00f3n de la pobreza, igualdad de g\u00e9nero y sostenibilidad medioambiental.<\/p>\n<p>A trav\u00e9s de nuestra participaci\u00f3n en la Conferencia Mundial sobre el Cacao, esperamos contribuir al desarrollo de un sector cacaotero sostenible que beneficie a todas las partes interesadas. Esperamos dar la bienvenida en Bruselas a participantes de todo el mundo con motivo de este evento.<\/p>\n\t\t\t\t\t\t\t\t<\/div>\n\t\t\t\t<\/div>\n\t\t\t\t<div class=\"elementor-element elementor-element-bc7a028 elementor-widget-divider--view-line elementor-widget elementor-widget-divider\" data-id=\"bc7a028\" data-element_type=\"widget\" data-e-type=\"widget\" data-widget_type=\"divider.default\">\n\t\t\t\t<div class=\"elementor-widget-container\">\n\t\t\t\t\t\t\t<div class=\"elementor-divider\">\n\t\t\t<span class=\"elementor-divider-separator\">\n\t\t\t\t\t\t<\/span>\n\t\t<\/div>\n\t\t\t\t\t\t<\/div>\n\t\t\t\t<\/div>\n\t\t\t\t<div class=\"elementor-element elementor-element-ff44c15 elementor-widget elementor-widget-heading\" data-id=\"ff44c15\" data-element_type=\"widget\" data-e-type=\"widget\" data-widget_type=\"heading.default\">\n\t\t\t\t<div class=\"elementor-widget-container\">\n\t\t\t\t\t<h2 class=\"elementor-heading-title elementor-size-default\">Presentaci\u00f3n r\u00e1pida <\/h2>\t\t\t\t<\/div>\n\t\t\t\t<\/div>\n\t\t\t\t<div class=\"elementor-element elementor-element-dca3e40 elementor-widget elementor-widget-text-editor\" data-id=\"dca3e40\" data-element_type=\"widget\" data-e-type=\"widget\" data-widget_type=\"text-editor.default\">\n\t\t\t\t<div class=\"elementor-widget-container\">\n\t\t\t\t\t\t\t\t\t<p>Servicio P\u00fablico Federal &#8211; Asuntos Exteriores, Comercio Exterior y Cooperaci\u00f3n al Desarrollo<\/p>\n\t\t\t\t\t\t\t\t<\/div>\n\t\t\t\t<\/div>\n\t\t\t\t<div class=\"elementor-element elementor-element-0c09ebf elementor-widget elementor-widget-text-editor\" data-id=\"0c09ebf\" data-element_type=\"widget\" data-e-type=\"widget\" data-widget_type=\"text-editor.default\">\n\t\t\t\t<div class=\"elementor-widget-container\">\n\t\t\t\t\t\t\t\t\t<p>El SPF de Asuntos Exteriores de B\u00e9lgica es responsable del desarrollo y la aplicaci\u00f3n de la pol\u00edtica exterior de B\u00e9lgica, y de representar los intereses de B\u00e9lgica en el extranjero.<\/p>\n<p>En el SPF &#8211; AE, nos comprometemos a promover los valores e intereses de B\u00e9lgica en el \u00e1mbito internacional. Trabajamos para fortalecer las relaciones de B\u00e9lgica con otros pa\u00edses y organizaciones internacionales, y para promover la paz, la democracia y el desarrollo sostenible en todo el mundo.<\/p>\n<p>Nuestro ministerio est\u00e1 organizado en varias direcciones y servicios, cada uno con su propia \u00e1rea de especializaci\u00f3n. La Direcci\u00f3n General de Asuntos Multilaterales se encarga de gestionar las relaciones de B\u00e9lgica con otros pa\u00edses en foros internacionales como la ONU, la OCDE o la OTAN, mientras que la Direcci\u00f3n General de Cooperaci\u00f3n al Desarrollo trabaja para promover el desarrollo sostenible en los pa\u00edses en desarrollo. La Direcci\u00f3n General de Asuntos Consulares presta asistencia a los ciudadanos belgas que viajan o viven en el extranjero, la Direcci\u00f3n de Asuntos Bilaterales se encarga de seguir las relaciones de B\u00e9lgica con otros pa\u00edses de forma bilateral, y la Direcci\u00f3n General de Asuntos Europeos se encarga de gestionar las relaciones de B\u00e9lgica con la Uni\u00f3n Europea.<\/p>\n<p>Colaboramos estrechamente con otros departamentos gubernamentales, as\u00ed como con organizaciones de la sociedad civil y el sector privado, para promover los intereses y valores de B\u00e9lgica en el \u00e1mbito internacional.<\/p>\n\t\t\t\t\t\t\t\t<\/div>\n\t\t\t\t<\/div>\n\t\t\t\t<div class=\"elementor-element elementor-element-a26c065 elementor-widget elementor-widget-text-editor\" data-id=\"a26c065\" data-element_type=\"widget\" data-e-type=\"widget\" data-widget_type=\"text-editor.default\">\n\t\t\t\t<div class=\"elementor-widget-container\">\n\t\t\t\t\t\t\t\t\t<p class=\"p1\"><a href=\"https:\/\/diplomatie.belgium.be\/en\" target=\"_blank\" rel=\"noopener\">sitio web oficial<\/a><\/p>\n\t\t\t\t\t\t\t\t<\/div>\n\t\t\t\t<\/div>\n\t\t\t\t\t<\/div>\n\t\t<\/div>\n\t\t\t\t\t<\/div>\n\t\t<\/section>\n\t\t\t\t<\/div>\n\t\t","protected":false},"excerpt":{"rendered":"<p>El Servicio P\u00fablico Federal de Asuntos Exteriores (SPF-AE) de B\u00e9lgica se enorgullece de coorganizar la Conferencia Mundial del Cacao en Bruselas en abril de 2024, durante la Presidencia belga de la UE. Como uno de los coorganizadores de este evento internacional, estamos comprometidos con la promoci\u00f3n del desarrollo sostenible en el sector del cacao y [&hellip;]<\/p>\n","protected":false},"author":1,"featured_media":0,"parent":0,"menu_order":0,"comment_status":"closed","ping_status":"closed","template":"elementor_header_footer","meta":{"sfsi_plus_gutenberg_text_before_share":"","sfsi_plus_gutenberg_show_text_before_share":"","sfsi_plus_gutenberg_icon_type":"","sfsi_plus_gutenberg_icon_alignemt":"","sfsi_plus_gutenburg_max_per_row":"","_lmt_disableupdate":"","_lmt_disable":"","footnotes":""},"class_list":["post-392","page","type-page","status-publish","hentry"],"_links":{"self":[{"href":"https:\/\/www.worldcocoaconference.org\/es\/wp-json\/wp\/v2\/pages\/392","targetHints":{"allow":["GET"]}}],"collection":[{"href":"https:\/\/www.worldcocoaconference.org\/es\/wp-json\/wp\/v2\/pages"}],"about":[{"href":"https:\/\/www.worldcocoaconference.org\/es\/wp-json\/wp\/v2\/types\/page"}],"author":[{"embeddable":true,"href":"https:\/\/www.worldcocoaconference.org\/es\/wp-json\/wp\/v2\/users\/1"}],"replies":[{"embeddable":true,"href":"https:\/\/www.worldcocoaconference.org\/es\/wp-json\/wp\/v2\/comments?post=392"}],"version-history":[{"count":16,"href":"https:\/\/www.worldcocoaconference.org\/es\/wp-json\/wp\/v2\/pages\/392\/revisions"}],"predecessor-version":[{"id":3201,"href":"https:\/\/www.worldcocoaconference.org\/es\/wp-json\/wp\/v2\/pages\/392\/revisions\/3201"}],"wp:attachment":[{"href":"https:\/\/www.worldcocoaconference.org\/es\/wp-json\/wp\/v2\/media?parent=392"}],"curies":[{"name":"wp","href":"https:\/\/api.w.org\/{rel}","templated":true}]}}

Reino de Bélgica

<div data-elementor-type="wp-page" data-elementor-id="392" class="elementor elementor-392 elementor-231" data-elementor-post-type="page">
						<section class="elementor-section elementor-top-section elementor-element elementor-element-3ec5a2c elementor-section-boxed elementor-section-height-default elementor-section-height-default" data-id="3ec5a2c" data-element_type="section" data-e-type="section">
							<div class="elementor-background-overlay"></div>
							<div class="elementor-container elementor-column-gap-default">
					<div class="elementor-column elementor-col-100 elementor-top-column elementor-element elementor-element-8a4081d" data-id="8a4081d" data-element_type="column" data-e-type="column">
			<div class="elementor-widget-wrap elementor-element-populated">
						<div class="elementor-element elementor-element-fe5050e elementor-widget elementor-widget-image" data-id="fe5050e" data-element_type="widget" data-e-type="widget" data-widget_type="image.default">
				<div class="elementor-widget-container">
															<img fetchpriority="high" decoding="async" width="1375" height="559" src="https://www.worldcocoaconference.org/wp-content/uploads/2023/05/belgium-kingdom-1.png" class="attachment-large size-large wp-image-235" alt="" srcset="https://www.worldcocoaconference.org/wp-content/uploads/2023/05/belgium-kingdom-1.png 1375w, https://www.worldcocoaconference.org/wp-content/uploads/2023/05/belgium-kingdom-1-768x312.png 768w" sizes="(max-width: 1375px) 100vw, 1375px" />															</div>
				</div>
				<div class="elementor-element elementor-element-6ac98b5 elementor-widget elementor-widget-text-editor" data-id="6ac98b5" data-element_type="widget" data-e-type="widget" data-widget_type="text-editor.default">
				<div class="elementor-widget-container">
									<p>El Servicio Público Federal de Asuntos Exteriores (SPF-AE) de Bélgica se enorgullece de coorganizar la Conferencia Mundial del Cacao en Bruselas en abril de 2024, durante la Presidencia belga de la UE. Como uno de los coorganizadores de este evento internacional, estamos comprometidos con la promoción del desarrollo sostenible en el sector del cacao y con el fortalecimiento de las relaciones entre los países productores y consumidores de cacao.</p>
<p>La Conferencia Mundial sobre el Cacao brinda a las partes interesadas del sector cacaotero, incluidos productores, comerciantes y funcionarios gubernamentales, la oportunidad de intercambiar ideas, compartir experiencias y desarrollar estrategias y políticas para abordar los retos a los que se enfrentan tanto los agricultores como la industria. Bélgica, como uno de los principales importadores y transformadores de cacao en grano, reconoce la importancia de promover la producción sostenible de cacao y de garantizar unas condiciones de trabajo justas para los cacaocultores.</p>
<p>En el SPF de Asuntos Exteriores, creemos que el sector del cacao puede desempeñar un papel importante en la consecución de los Objetivos de Desarrollo Sostenible de las Naciones Unidas, especialmente en las áreas de reducción de la pobreza, igualdad de género y sostenibilidad medioambiental.</p>
<p>A través de nuestra participación en la Conferencia Mundial sobre el Cacao, esperamos contribuir al desarrollo de un sector cacaotero sostenible que beneficie a todas las partes interesadas. Esperamos dar la bienvenida en Bruselas a participantes de todo el mundo con motivo de este evento.</p>
								</div>
				</div>
				<div class="elementor-element elementor-element-bc7a028 elementor-widget-divider--view-line elementor-widget elementor-widget-divider" data-id="bc7a028" data-element_type="widget" data-e-type="widget" data-widget_type="divider.default">
				<div class="elementor-widget-container">
							<div class="elementor-divider">
			<span class="elementor-divider-separator">
						</span>
		</div>
						</div>
				</div>
				<div class="elementor-element elementor-element-ff44c15 elementor-widget elementor-widget-heading" data-id="ff44c15" data-element_type="widget" data-e-type="widget" data-widget_type="heading.default">
				<div class="elementor-widget-container">
					<h2 class="elementor-heading-title elementor-size-default">Presentación rápida </h2>				</div>
				</div>
				<div class="elementor-element elementor-element-dca3e40 elementor-widget elementor-widget-text-editor" data-id="dca3e40" data-element_type="widget" data-e-type="widget" data-widget_type="text-editor.default">
				<div class="elementor-widget-container">
									<p>Servicio Público Federal &#8211; Asuntos Exteriores, Comercio Exterior y Cooperación al Desarrollo</p>
								</div>
				</div>
				<div class="elementor-element elementor-element-0c09ebf elementor-widget elementor-widget-text-editor" data-id="0c09ebf" data-element_type="widget" data-e-type="widget" data-widget_type="text-editor.default">
				<div class="elementor-widget-container">
									<p>El SPF de Asuntos Exteriores de Bélgica es responsable del desarrollo y la aplicación de la política exterior de Bélgica, y de representar los intereses de Bélgica en el extranjero.</p>
<p>En el SPF &#8211; AE, nos comprometemos a promover los valores e intereses de Bélgica en el ámbito internacional. Trabajamos para fortalecer las relaciones de Bélgica con otros países y organizaciones internacionales, y para promover la paz, la democracia y el desarrollo sostenible en todo el mundo.</p>
<p>Nuestro ministerio está organizado en varias direcciones y servicios, cada uno con su propia área de especialización. La Dirección General de Asuntos Multilaterales se encarga de gestionar las relaciones de Bélgica con otros países en foros internacionales como la ONU, la OCDE o la OTAN, mientras que la Dirección General de Cooperación al Desarrollo trabaja para promover el desarrollo sostenible en los países en desarrollo. La Dirección General de Asuntos Consulares presta asistencia a los ciudadanos belgas que viajan o viven en el extranjero, la Dirección de Asuntos Bilaterales se encarga de seguir las relaciones de Bélgica con otros países de forma bilateral, y la Dirección General de Asuntos Europeos se encarga de gestionar las relaciones de Bélgica con la Unión Europea.</p>
<p>Colaboramos estrechamente con otros departamentos gubernamentales, así como con organizaciones de la sociedad civil y el sector privado, para promover los intereses y valores de Bélgica en el ámbito internacional.</p>
								</div>
				</div>
				<div class="elementor-element elementor-element-a26c065 elementor-widget elementor-widget-text-editor" data-id="a26c065" data-element_type="widget" data-e-type="widget" data-widget_type="text-editor.default">
				<div class="elementor-widget-container">
									<p class="p1"><a href="https://diplomatie.belgium.be/en" target="_blank" rel="noopener">sitio web oficial</a></p>
								</div>
				</div>
					</div>
		</div>
					</div>
		</section>
				</div>

<p>El Servicio Público Federal de Asuntos Exteriores (SPF-AE) de Bélgica se enorgullece de coorganizar la Conferencia Mundial del Cacao en Bruselas en abril de 2024, durante la Presidencia belga de la UE. Como uno de los coorganizadores de este evento internacional, estamos comprometidos con la promoción del desarrollo sostenible en el sector del cacao y [&hellip;]</p>
